7?
49
Suppose 5 = -4*n + 325. Let o = -7 + 28. What is the remainder when n is divided by o?
17
Let y = -6270 - -6334. Let v(l) = -l**3 + 7*l**2 - 2*l - 2. Calculate the remainder when y is divided by v(6).
20
Calculate the remainder when (-5)/(-4) - (11501/(-4))/31 is divided by 39.
16
Let q(n) = 43*n**3 + n**2 - n. Let u be q(1). Suppose 5*h = 5*z - 55, 3*z + 0*h = -2*h + u. Calculate the remainder when 24 is divided by z.
11
Suppose 22*z = -36*z + 638. Calculate the remainder when 283 is divided by z.
8
Let b(z) = 77*z + 1. Suppose -5*f + 0 = -5. Calculate the remainder when b(f) is divided by 24.
6
Let t = 11 + -21. Let r be (8/t)/(6/(-300)). Suppose -z - 2*z = 2*u - r, -4*u = -4*z - 80. What is the remainder when 78 is divided by u?
18
Let h(w) = -7*w**3 - 2*w - 2. Suppose -20*p + 40 = -18*p. Calculate the remainder when h(-2) is divided by p.
18
Let s(t) = 13*t**2 + t - 1. Suppose 4*n + 13*n = 11*n + 138. Calculate the remainder when n is divided by s(1).
10
Let i(j) = 12*j + 3. Calculate the remainder when 117 is divided by i(5).
54
Suppose -111 = -8*v + 49. Calculate the remainder when 135 is divided by v.
15
Let i = -259 + 370. Let v = -177 + i. What is the remainder when 7/14 - v/4 is divided by 6?
5
Suppose -3442 = -7*x - 3036. Calculate the remainder when 193 is divided by x.
19
Let d = -1617 - -1648. What is the remainder when d is divided by 7?
3
Suppose 6 = 3*x, -2*x - 750 = -k - 7*x. Suppose -8*a + 3*a = -k. Calculate the remainder when a is divided by 50.
48
Let b(q) = q**3 - 12*q**2 + 2*q - 22. Let c be b(12). Suppose 50 + 18 = 4*a + 4*o, -2*a + c*o = -46. What is the remainder when 71 is divided by a?
11
Let a(o) = -16*o. Let v be a(-1). Let z = v + -14. Suppose t = -z*t + 30. What is the remainder when 17 is divided by t?
7
Suppose 0 = t - 2*t + 5*i + 34, 212 = 4*t - i. What is the remainder when t is divided by ((-80)/(-15) - 3)*6?
12
Let o(s) = -s**2 - 14*s + 35. Let t be o(-16). Suppose -n + 4 + t = 0. Calculate the remainder when 26 is divided by n.
5
Let o = 31 + -27. Suppose -2*p = -4*p + 62. What is the remainder when p is divided by 2/(o/22)*1?
9
Suppose -5*j + h = -134, -5*j = -0*h + 4*h - 139. Suppose 0 = 4*t - t - 4*r - 50, 5*r = -10. What is the remainder when j is divided by t?
13
Suppose 5*n - 2*f - 120 = 0, -5*f - 8 + 49 = 3*n. What is the remainder when 239 is divided by n?
19
Let j be (-2)/9*1 - (-42792)/108. Suppose 5*k = 4*z + j, -5*k = -2*z + z - 384. Calculate the remainder when k is divided by 13.
11
Let o be (-1)/3*(2 + -2). Suppose 3 = -4*d - b + 2*b, -4*d - 5*b + 15 = o. Suppose -4*y + 12 + 0 = d. What is the remainder when y is divided by 3?
0
What is the remainder when (18/(-12))/(3/(-26)) is divided by 4?
1
Suppose 4*m - r + 79 = 0, -r + 16 = 2*m + 57. Calculate the remainder when 4/(-16) - 1205/m is divided by 16.
12
Suppose 64*d - 40 = 63*d. Calculate the remainder when 115 is divided by d.
35
Let c = 204 - 108. What is the remainder when 379 is divided by c?
91
Let q be (-5*(-8)/(-20))/(4/10). Let a(u) = 3*u**2 + 3*u - 15. Calculate the remainder when a(q) is divided by 25 - 1 - (2 + -1).
22
Let l(w) = -w**3 - 22*w**2 + 24*w + 35. What is the remainder when 55 is divided by l(-23)?
7
Let i(w) = -3*w - 97. Suppose 4*b - 3 - 1 = 4*k, b - 1 = 5*k. What is the remainder when i(-50) is divided by (13 + b)/((-4)/(-8))?
25
Suppose -9*w = -13*w. Suppose w*p = k - 2*p + 2, p + 1 = k. Suppose -5*y = -k*i + 75, y = 9 - 4. What is the remainder when i is divided by 9?
7
Let o(t) be the first derivative of 4*t**2 - 3*t - 1/3*t**3 + 5. What is the remainder when 32 is divided by o(6)?
5
Let x(v) = v - 10. Let j be x(10). Let i = 50 - -18. Suppose j = 5*o - o - i. Calculate the remainder when 32 is divided by o.
15
Let b = 271 + -221. Calculate the remainder when b is divided by 3.
2
Calculate the remainder when 432 is divided by -155*-5*9/225.
29
Let w(o) = 39*o - 3. Calculate the remainder when w(1) is divided by 27.
9
Calculate the remainder when ((-38152)/228)/(2*(-1)/3) is divided by 27.
8
Suppose -33*k + 285 + 309 = 0. What is the remainder when 0 - (-2 - -2) - -67 is divided by k?
13
Let t be -4 + ((-35)/(-11) - (-6)/(-33)). Let l(n) = -119*n + 6. What is the remainder when l(t) is divided by 21?
20
Calculate the remainder when 382 is divided by (2*(-9)/15)/(18/(-1170)).
70
Let b be 4 + -7 + 2 + 5. Calculate the remainder when 2/4*b + 25 is divided by 10.
7
Suppose 2*a - 7*a + 10 = -o, 4*a = 5*o + 8. Suppose 0 = -o*b - 5*b - 5*l + 220, -2*l = -4*b + 158. Calculate the remainder when b is divided by 11.
8
Suppose -2*v + 0*v + 54 = 5*j, 4*v = 4*j - 60. Let p(y) = -2*y + 45. Let r = -24 + 24. Calculate the remainder when p(r) is divided by j.
9
Suppose x + 24 = 2*x. Suppose -4 = z - x. Let p(m) = m**2 + 17*m + 11. Calculate the remainder when z is divided by p(-17).
9
Let l = 161 + -61. Let d = 130 - l. Calculate the remainder when 267 is divided by d.
27
Suppose 147 = -13*u + 16*u. What is the remainder when u is divided by 15?
4
Let f be (1/(-2))/(9/(-162)). Suppose 0 - f = -2*j + p, -p + 15 = 4*j. What is the remainder when 16 is divided by j?
0
Let t(u) = 11 - 22 + 7*u - 27 + u**2 + 0*u**2. What is the remainder when t(4) is divided by 2?
0
Let k be -7 + -53 + (1 - 3). Let s = k + 76. What is the remainder when 53 is divided by s?
11
Let r(y) = 6*y**2 + 6*y - 5. Let b be r(-7). What is the remainder when (-2)/3 + 168/9 is divided by 2496/b - 2/19?
8
Suppose -2*y = -16 - 4. Let a be (-64)/10 + (-2)/(-5). Let m = a + 10. What is the remainder when y is divided by m?
2
Suppose 4*o = r + 43, -4*o - o = 2*r - 70. Calculate the remainder when 321 is divided by o.
9
Suppose 7*y - 4*v = -3*v + 234, 4*y - 144 = -2*v. What is the remainder when 1460 is divided by y?
32
Suppose h + 5*o + 0*o = -153, 3*h + 4*o = -448. What is the remainder when 30/20*h/(-6) is divided by 13?
11
Let h = 26 - 12. Let q = -21 + 17. What is the remainder when h is divided by (90/(-15))/(6/q)?
2
Let j(p) = -2*p**3 - 22*p**2 + 23*p + 1. What is the remainder when (3/(-4))/(6/(-192)) is divided by j(-12)?
11
Let h be -1 + 4 + 20 + 1. Let g = -5 + h. Let z(v) = -53*v**3 + v**2. Calculate the remainder when z(-1) is divided by g.
16
Let p = -9 + 14. Suppose 3*s - 10 = -3*l + 4*s, -p*s - 5 = 0. What is the remainder when 50 is divided by (-6)/4*(-34)/l?
16
Let i = -40 + 70. Let c = -11 + i. What is the remainder when c is divided by 298/42 + 6/(-63)?
5
Let z be -3 - ((-15)/35 - 46/7). Suppose 5*i - 146 = z. Suppose 212 = 6*p - 2*p - 4*k, -p = -4*k - 41. Calculate the remainder when p is divided by i.
27
Suppose -2*l + 5*q + 114 = 0, -22*l + 5*q + 228 = -18*l. What is the remainder when l is divided by 15?
12
Let a(p) be the first derivative of p**4/4 + 14*p**3/3 - 33*p**2/2 - 7*p + 36. Let l(b) = 10*b - 4. Calculate the remainder when l(3) is divided by a(-16).
8
Let l = 22 + -4. What is the remainder when 40 is divided by l?
4
Suppose -5*n = -118 + 128. What is the remainder when (-1 - -18)*(3 + (n - 0)) is divided by 11?
6
Suppose -24*n + 341 = 5. Calculate the remainder when 28 is divided by n.
0
Let x(p) = 16*p - 1. Let r(a) = 3*a**2 - 10*a + 6. Let h be r(7). Suppose -4*u = -17 - h. Calculate the remainder when u is divided by x(1).
10
Suppose y + z = 3*y - 71, -3*z - 105 = -3*y. What is the remainder when 137 is divided by y?
29
Suppose 7 = -f - 22. Let t = -22 - f. What is the remainder when 12 is divided by t?
5
Suppose -4*f - f + 320 = 0. Calculate the remainder when f is divided by (3 + (-5 - -4))*11.
20
Suppose 5*q + 9*j = 10*j + 249, 4 = -j. What is the remainder when 207 is divided by q?
11
Let m = 173 - 162. Let n = -3 + 3. Suppose -3*w = -3*l - 165, w = -n*w + 4*l + 64. What is the remainder when w is divided by m?
8
Let r(y) = y**2 - 7. What is the remainder when 233 is divided by r(4)?
8
Suppose 0 = -26*m - 15*m + 72406. Calculate the remainder when m is divided by 17.
15
Suppose 21 = -5*g + j, 3*g + 11 = -0*g - j. Let y = 3 - g. What is the remainder when y is divided by 2?
1
Suppose -6 = -2*s, -2*s + 521 = 4*v + s. What is the remainder when v is divided by 33?
29
Suppose -2*s - 4*v = 9 + 11, 0 = -5*v + 5. Let l = 78 - s. Calculate the remainder when l is divided by 47.
43
Suppose -3*t = -11*c + 10*c - 20, 5*t + c 